{"id":54878,"date":"2018-01-17T16:23:11","date_gmt":"2018-01-17T18:23:11","guid":{"rendered":"https:\/\/crapa.org.br\/?page_id=54878"},"modified":"2022-04-04T16:58:31","modified_gmt":"2022-04-04T19:58:31","slug":"fiscalizacao-registro-obrigatorio","status":"publish","type":"page","link":"https:\/\/crapa.org.br\/?page_id=54878","title":{"rendered":"Registro obrigat\u00f3rio"},"content":{"rendered":"\t\t<div data-elementor-type=\"wp-post\" data-elementor-id=\"54878\" class=\"elementor elementor-54878\">\n\t\t\t\t\t\t<div class=\"elementor-inner\">\n\t\t\t\t<div class=\"elementor-section-wrap\">\n\t\t\t\t\t\t\t\t\t<section class=\"elementor-section elementor-top-section elementor-element elementor-element-b17817e elementor-section-boxed elementor-section-height-default elementor-section-height-default\" data-id=\"b17817e\" data-element_type=\"section\">\n\t\t\t\t\t\t<div class=\"elementor-container elementor-column-gap-default\">\n\t\t\t\t\t\t\t<div class=\"elementor-row\">\n\t\t\t\t\t<div class=\"elementor-column elementor-col-100 elementor-top-column elementor-element elementor-element-4c91627\" data-id=\"4c91627\" data-element_type=\"column\">\n\t\t\t<div class=\"elementor-column-wrap elementor-element-populated\">\n\t\t\t\t\t\t\t<div class=\"elementor-widget-wrap\">\n\t\t\t\t\t\t<div class=\"elementor-element elementor-element-5442755 elementor-widget elementor-widget-spacer\" data-id=\"5442755\" data-element_type=\"widget\" data-widget_type=\"spacer.default\">\n\t\t\t\t<div class=\"elementor-widget-container\">\n\t\t\t\t\t<div class=\"elementor-spacer\">\n\t\t\t<div class=\"elementor-spacer-inner\"><\/div>\n\t\t<\/div>\n\t\t\t\t<\/div>\n\t\t\t\t<\/div>\n\t\t\t\t\t\t<\/div>\n\t\t\t\t\t<\/div>\n\t\t<\/div>\n\t\t\t\t\t\t\t\t<\/div>\n\t\t\t\t\t<\/div>\n\t\t<\/section>\n\t\t\t\t<section class=\"elementor-section elementor-top-section elementor-element elementor-element-60a5ac6 elementor-section-boxed elementor-section-height-default elementor-section-height-default\" data-id=\"60a5ac6\" data-element_type=\"section\">\n\t\t\t\t\t\t<div class=\"elementor-container elementor-column-gap-default\">\n\t\t\t\t\t\t\t<div class=\"elementor-row\">\n\t\t\t\t\t<div class=\"elementor-column elementor-col-100 elementor-top-column elementor-element elementor-element-dd65bb7\" data-id=\"dd65bb7\" data-element_type=\"column\">\n\t\t\t<div class=\"elementor-column-wrap elementor-element-populated\">\n\t\t\t\t\t\t\t<div class=\"elementor-widget-wrap\">\n\t\t\t\t\t\t<div class=\"elementor-element elementor-element-a1e54ed elementor-widget elementor-widget-heading\" data-id=\"a1e54ed\" data-element_type=\"widget\" data-widget_type=\"heading.default\">\n\t\t\t\t<div class=\"elementor-widget-container\">\n\t\t\t<h2 class=\"elementor-heading-title elementor-size-default\">REGISTRO \u00c9 OBRIGAT\u00d3RIO<\/h2>\t\t<\/div>\n\t\t\t\t<\/div>\n\t\t\t\t<div class=\"elementor-element elementor-element-6b47088 elementor-widget elementor-widget-text-editor\" data-id=\"6b47088\" data-element_type=\"widget\" data-widget_type=\"text-editor.default\">\n\t\t\t\t<div class=\"elementor-widget-container\">\n\t\t\t\t\t\t\t\t<div class=\"elementor-text-editor elementor-clearfix\">\n\t\t\t\t<p style=\"text-align: justify;\"><span style=\"color: #000000;\">O Bacharel em Administra\u00e7\u00e3o registrado em CRA, a partir da data do registro, torna-se um Administrador legalmente habilitado para o exerc\u00edcio da sua profiss\u00e3o, passando a portar a Carteira de Identidade Profissional de Administrador \u2013 COR AZUL \u2013 que tamb\u00e9m tem validade de Carteira de Identidade Civil em todo o territ\u00f3rio nacional, estando apto, portanto, para atuar no mercado de trabalho.<\/span><\/p><p style=\"text-align: justify;\"><span style=\"color: #000000;\">O egresso de Curso Superior de Tecnologia em determinada \u00e1rea da Administra\u00e7\u00e3o, registrado em CRA, a partir da data do registro, tornam-se um Tecn\u00f3logo legalmente habilitado para o desempenho de atividades de Administra\u00e7\u00e3o, restritas ao curso em que se formou, passando a portar a Carteira de Identidade Profissional de Tecn\u00f3logo \u2013 COR VERDE \u2013 que tamb\u00e9m tem validade de Carteira de Identidade Civil em todo o territ\u00f3rio nacional, estando apto, portanto, para atuar no mercado de trabalho.<\/span><\/p><p style=\"text-align: justify;\"><span style=\"color: #000000;\">O egresso de Cursos de Bacharelado Conexos \u00e0 Administra\u00e7\u00e3o e de Cursos Sequenciais de Forma\u00e7\u00e3o Espec\u00edfica conexos \u00e0 Administra\u00e7\u00e3o registrado em CRA, a partir da data do registro, tornam-se um Gestor legalmente habilitado para o desempenho de atividades de Administra\u00e7\u00e3o, restritas ao curso em que se formou, passando a portar a Carteira de Identidade Profissional de Gestor \u2013 COR VERDE \u2013 que tamb\u00e9m tem validade de Carteira de Identidade Civil em todo o territ\u00f3rio nacional, estando apto, portanto, para atuar no mercado de trabalho.<\/span><\/p><p style=\"text-align: justify;\"><span style=\"color: #000000;\">Os Mestres e Doutores em Administra\u00e7\u00e3o registrados em CRA, a partir da data do registro, tornam-se legalmente habilitado para o desempenho de atividades de Administra\u00e7\u00e3o. Eles receber\u00e3o o t\u00edtulo de Mestre em Administra\u00e7\u00e3o ou Doutor em Administra\u00e7\u00e3o, conforme o caso, e ter\u00e3o a atua\u00e7\u00e3o profissional restrita \u00e0 respectiva \u00e1rea de concentra\u00e7\u00e3o do curso, passando a portar a Carteira de Identidade Profissional de Mestre e Doutor em Administra\u00e7\u00e3o \u2013 COR VERDE \u2013 que tamb\u00e9m tem validade de Carteira de Identidade Civil em todo o territ\u00f3rio nacional, estando apto, portanto, para atuar no mercado de trabalho.<\/span><\/p><p style=\"text-align: justify;\"><span style=\"color: #000000;\">O egresso de cursos de bacharelado conexos \u00e0 Administra\u00e7\u00e3o P\u00fablica registrado em CRA, a partir da data do registro, torna-se um Gestor P\u00fablico legalmente habilitado para o desempenho de atividades de Administra\u00e7\u00e3o, restritas ao curso em que se formou, passando a portar a Carteira de Identidade Profissional de Gestor P\u00fablico \u2013 COR AZUL \u2013 que tamb\u00e9m tem validade de Carteira de Identidade Civil em todo o territ\u00f3rio nacional, estando apto, portanto, para atuar no mercado de trabalho.<\/span><\/p><p style=\"text-align: justify;\"><span style=\"color: #000000;\">Os egressos dos cursos de educa\u00e7\u00e3o profissional t\u00e9cnica de n\u00edvel m\u00e9dio, registrado em CRA, a partir da data do registro, torna-se um T\u00e9cnico em Administra\u00e7\u00e3o legalmente habilitado para o desempenho de atividades de Administra\u00e7\u00e3o, restritas a \u00e1rea que se formou, passando a portar a Carteira de Identidade Profissional de T\u00e9cnico em Administra\u00e7\u00e3o \u2013 COR VERDE \u2013 que tamb\u00e9m tem validade de Carteira de Identidade Civil em<\/span> <span style=\"color: #000000;\">todo o territ\u00f3rio nacional, estando apto, portanto, para atuar no mercado de trabalho.<\/span><\/p>\t\t\t\t\t<\/div>\n\t\t\t\t\t\t<\/div>\n\t\t\t\t<\/div>\n\t\t\t\t\t\t<\/div>\n\t\t\t\t\t<\/div>\n\t\t<\/div>\n\t\t\t\t\t\t\t\t<\/div>\n\t\t\t\t\t<\/div>\n\t\t<\/section>\n\t\t\t\t<section class=\"elementor-section elementor-top-section elementor-element elementor-element-cfde488 elementor-section-boxed elementor-section-height-default elementor-section-height-default\" data-id=\"cfde488\" data-element_type=\"section\">\n\t\t\t\t\t\t<div class=\"elementor-container elementor-column-gap-default\">\n\t\t\t\t\t\t\t<div class=\"elementor-row\">\n\t\t\t\t\t<div class=\"elementor-column elementor-col-100 elementor-top-column elementor-element elementor-element-972e9d7\" data-id=\"972e9d7\" data-element_type=\"column\">\n\t\t\t<div class=\"elementor-column-wrap elementor-element-populated\">\n\t\t\t\t\t\t\t<div class=\"elementor-widget-wrap\">\n\t\t\t\t\t\t<div class=\"elementor-element elementor-element-baef17c elementor-widget elementor-widget-spacer\" data-id=\"baef17c\" data-element_type=\"widget\" data-widget_type=\"spacer.default\">\n\t\t\t\t<div class=\"elementor-widget-container\">\n\t\t\t\t\t<div class=\"elementor-spacer\">\n\t\t\t<div class=\"elementor-spacer-inner\"><\/div>\n\t\t<\/div>\n\t\t\t\t<\/div>\n\t\t\t\t<\/div>\n\t\t\t\t\t\t<\/div>\n\t\t\t\t\t<\/div>\n\t\t<\/div>\n\t\t\t\t\t\t\t\t<\/div>\n\t\t\t\t\t<\/div>\n\t\t<\/section>\n\t\t\t\t\t\t\t\t\t<\/div>\n\t\t\t<\/div>\n\t\t\t\t\t<\/div>\n\t\t","protected":false},"excerpt":{"rendered":"<p>REGISTRO \u00c9 OBRIGAT\u00d3RIO O Bacharel em Administra\u00e7\u00e3o registrado em CRA, a partir da data do registro, torna-se um Administrador legalmente habilitado para o exerc\u00edcio da sua profiss\u00e3o, passando a portar [&hellip;]<\/p>\n","protected":false},"author":25,"featured_media":0,"parent":54876,"menu_order":0,"comment_status":"closed","ping_status":"closed","template":"","meta":{"footnotes":"","_links_to":"","_links_to_target":""},"class_list":["post-54878","page","type-page","status-publish","hentry","entry"],"_links":{"self":[{"href":"https:\/\/crapa.org.br\/index.php?rest_route=\/wp\/v2\/pages\/54878","targetHints":{"allow":["GET"]}}],"collection":[{"href":"https:\/\/crapa.org.br\/index.php?rest_route=\/wp\/v2\/pages"}],"about":[{"href":"https:\/\/crapa.org.br\/index.php?rest_route=\/wp\/v2\/types\/page"}],"author":[{"embeddable":true,"href":"https:\/\/crapa.org.br\/index.php?rest_route=\/wp\/v2\/users\/25"}],"replies":[{"embeddable":true,"href":"https:\/\/crapa.org.br\/index.php?rest_route=%2Fwp%2Fv2%2Fcomments&post=54878"}],"version-history":[{"count":0,"href":"https:\/\/crapa.org.br\/index.php?rest_route=\/wp\/v2\/pages\/54878\/revisions"}],"up":[{"embeddable":true,"href":"https:\/\/crapa.org.br\/index.php?rest_route=\/wp\/v2\/pages\/54876"}],"wp:attachment":[{"href":"https:\/\/crapa.org.br\/index.php?rest_route=%2Fwp%2Fv2%2Fmedia&parent=54878"}],"curies":[{"name":"wp","href":"https:\/\/api.w.org\/{rel}","templated":true}]}}