{"id":62424,"date":"2019-04-09T16:14:09","date_gmt":"2019-04-09T19:14:09","guid":{"rendered":"https:\/\/crapa.org.br\/?page_id=62424"},"modified":"2022-04-04T18:59:26","modified_gmt":"2022-04-04T21:59:26","slug":"fiscalizacao-do-exercicio-profissional","status":"publish","type":"page","link":"https:\/\/crapa.org.br\/?page_id=62424","title":{"rendered":"Fiscaliza\u00e7\u00e3o do Exerc\u00edcio Profissional"},"content":{"rendered":"\t\t<div data-elementor-type=\"wp-post\" data-elementor-id=\"62424\" class=\"elementor elementor-62424\">\n\t\t\t\t\t\t<div class=\"elementor-inner\">\n\t\t\t\t<div class=\"elementor-section-wrap\">\n\t\t\t\t\t\t\t\t\t<section class=\"elementor-section elementor-top-section elementor-element elementor-element-14b6cb4 elementor-section-boxed elementor-section-height-default elementor-section-height-default\" data-id=\"14b6cb4\" data-element_type=\"section\">\n\t\t\t\t\t\t<div class=\"elementor-container elementor-column-gap-default\">\n\t\t\t\t\t\t\t<div class=\"elementor-row\">\n\t\t\t\t\t<div class=\"elementor-column elementor-col-100 elementor-top-column elementor-element elementor-element-033b077\" data-id=\"033b077\" data-element_type=\"column\">\n\t\t\t<div class=\"elementor-column-wrap elementor-element-populated\">\n\t\t\t\t\t\t\t<div class=\"elementor-widget-wrap\">\n\t\t\t\t\t\t<div class=\"elementor-element elementor-element-85f54ac elementor-widget elementor-widget-heading\" data-id=\"85f54ac\" data-element_type=\"widget\" data-widget_type=\"heading.default\">\n\t\t\t\t<div class=\"elementor-widget-container\">\n\t\t\t<h2 class=\"elementor-heading-title elementor-size-default\">FISCALIZA\u00c7\u00c3O<\/h2>\t\t<\/div>\n\t\t\t\t<\/div>\n\t\t\t\t<div class=\"elementor-element elementor-element-b9fde75 elementor-tabs-view-horizontal elementor-widget elementor-widget-tabs\" data-id=\"b9fde75\" data-element_type=\"widget\" data-widget_type=\"tabs.default\">\n\t\t\t\t<div class=\"elementor-widget-container\">\n\t\t\t\t\t<div class=\"elementor-tabs\">\n\t\t\t<div class=\"elementor-tabs-wrapper\" role=\"tablist\" >\n\t\t\t\t\t\t\t\t\t<div id=\"elementor-tab-title-1951\" class=\"elementor-tab-title elementor-tab-desktop-title\" aria-selected=\"true\" data-tab=\"1\" role=\"tab\" tabindex=\"0\" aria-controls=\"elementor-tab-content-1951\" aria-expanded=\"false\"><a href=\"\">Objetivos da Fiscaliza\u00e7\u00e3o<\/a><\/div>\n\t\t\t\t\t\t\t\t\t<div id=\"elementor-tab-title-1952\" class=\"elementor-tab-title elementor-tab-desktop-title\" aria-selected=\"false\" data-tab=\"2\" role=\"tab\" tabindex=\"-1\" aria-controls=\"elementor-tab-content-1952\" aria-expanded=\"false\"><a href=\"\">Fiscaliza\u00e7\u00e3o do Exerc\u00edcio Profissional<\/a><\/div>\n\t\t\t\t\t\t\t\t\t<div id=\"elementor-tab-title-1953\" class=\"elementor-tab-title elementor-tab-desktop-title\" aria-selected=\"false\" data-tab=\"3\" role=\"tab\" tabindex=\"-1\" aria-controls=\"elementor-tab-content-1953\" aria-expanded=\"false\"><a href=\"\">Leis e Normas<\/a><\/div>\n\t\t\t\t\t\t\t\t\t<div id=\"elementor-tab-title-1954\" class=\"elementor-tab-title elementor-tab-desktop-title\" aria-selected=\"false\" data-tab=\"4\" role=\"tab\" tabindex=\"-1\" aria-controls=\"elementor-tab-content-1954\" aria-expanded=\"false\"><a href=\"\">Regulamento de Fiscaliza\u00e7\u00e3o<\/a><\/div>\n\t\t\t\t\t\t\t\t\t<div id=\"elementor-tab-title-1955\" class=\"elementor-tab-title elementor-tab-desktop-title\" aria-selected=\"false\" data-tab=\"5\" role=\"tab\" tabindex=\"-1\" aria-controls=\"elementor-tab-content-1955\" aria-expanded=\"false\"><a href=\"\">Responsabilidade T\u00e9cnica<\/a><\/div>\n\t\t\t\t\t\t\t<\/div>\n\t\t\t<div class=\"elementor-tabs-content-wrapper\" role=\"tablist\" aria-orientation=\"vertical\">\n\t\t\t\t\t\t\t\t\t<div class=\"elementor-tab-title elementor-tab-mobile-title\" aria-selected=\"true\" data-tab=\"1\" role=\"tab\" tabindex=\"0\" aria-controls=\"elementor-tab-content-1951\" aria-expanded=\"false\">Objetivos da Fiscaliza\u00e7\u00e3o<\/div>\n\t\t\t\t\t<div id=\"elementor-tab-content-1951\" class=\"elementor-tab-content elementor-clearfix\" data-tab=\"1\" role=\"tabpanel\" aria-labelledby=\"elementor-tab-title-1951\" tabindex=\"0\" hidden=\"false\"><p style=\"text-align: justify;\"><span style=\"color: #000000;\"><strong style=\"font-family: 'Open Sans', Arial, sans-serif; font-size: large; font-style: normal; font-variant-ligatures: normal; font-variant-caps: normal;\">O objetivo da Fiscaliza\u00e7\u00e3o \u00e9 verificar o exerc\u00edcio da profiss\u00e3o de Administrador por pessoas f\u00edsicas e jur\u00eddicas<\/strong><span style=\"font-family: 'Open Sans', Arial, sans-serif; font-size: large; font-style: normal; font-variant-ligatures: normal; font-variant-caps: normal; font-weight: 400;\">, de forma a assegurar a presta\u00e7\u00e3o de servi\u00e7os nos campos privativos por profissional habilitado e observ\u00e2ncia de princ\u00edpios \u00e9ticos.\u00a0<\/span><strong style=\"font-family: 'Open Sans', Arial, sans-serif; font-size: large; font-style: normal; font-variant-ligatures: normal; font-variant-caps: normal;\">Defender a sociedade das pr\u00e1ticas ilegais<\/strong><span style=\"font-family: 'Open Sans', Arial, sans-serif; font-size: large; font-style: normal; font-variant-ligatures: normal; font-variant-caps: normal; font-weight: 400;\">, al\u00e9m de promover a valoriza\u00e7\u00e3o profissional e garantir a primazia dos exerc\u00edcios das atividades profissionais.<\/span><\/span><\/p><\/div>\n\t\t\t\t\t\t\t\t\t<div class=\"elementor-tab-title elementor-tab-mobile-title\" aria-selected=\"false\" data-tab=\"2\" role=\"tab\" tabindex=\"-1\" aria-controls=\"elementor-tab-content-1952\" aria-expanded=\"false\">Fiscaliza\u00e7\u00e3o do Exerc\u00edcio Profissional<\/div>\n\t\t\t\t\t<div id=\"elementor-tab-content-1952\" class=\"elementor-tab-content elementor-clearfix\" data-tab=\"2\" role=\"tabpanel\" aria-labelledby=\"elementor-tab-title-1952\" tabindex=\"0\" hidden=\"hidden\"><p style=\"color: #777777; line-height: 24px; font-family: 'Open Sans', Arial, sans-serif; font-size: 14px; font-style: normal; font-variant-ligatures: normal; font-variant-caps: normal; font-weight: 400; text-align: justify;\"><span style=\"font-size: large; color: #000000;\">A fiscaliza\u00e7\u00e3o do exerc\u00edcio profissional \u00e9, absolutamente, a principal raz\u00e3o de ser do Sistema CFA\/CRAs. Est\u00e1 diretamente ligada \u00e0 defesa da sociedade, e \u00e0 preserva\u00e7\u00e3o das \u00e1reas de atua\u00e7\u00e3o do profissional de Administra\u00e7\u00e3o. Prerrogativa prevista no art. 8\u00ba. &#8220;b&#8221; da Lei 4.769\/65:<\/span><\/p><p style=\"color: #777777; line-height: 24px; font-family: 'Open Sans', Arial, sans-serif; font-size: 14px; font-style: normal; font-variant-ligatures: normal; font-variant-caps: normal; font-weight: 400; text-align: justify;\"><span style=\"font-size: large; color: #000000;\"><em><strong>&#8220;Art 8\u00ba &#8211; Os Conselhos Regionais de Administra\u00e7\u00e3o (CRA), com sede nas Capitais dos Estados no Distrito Federal, ter\u00e3o por finalidade:<\/strong><\/em><\/span><\/p><p style=\"color: #777777; line-height: 24px; font-family: 'Open Sans', Arial, sans-serif; font-size: 14px; font-style: normal; font-variant-ligatures: normal; font-variant-caps: normal; font-weight: 400; text-align: justify;\"><span style=\"font-size: large; color: #000000;\"><em><strong>b) fiscalizar, na \u00e1rea da respectiva jurisdi\u00e7\u00e3o, o exerc\u00edcio da profiss\u00e3o de Administrador.&#8221;<\/strong><\/em><\/span><\/p><p style=\"color: #777777; line-height: 24px; font-family: 'Open Sans', Arial, sans-serif; font-size: 14px; font-style: normal; font-variant-ligatures: normal; font-variant-caps: normal; font-weight: 400; text-align: justify;\"><span style=\"font-size: large; color: #000000;\">O CRA-PA fiscaliza, na jurisdi\u00e7\u00e3o do estado do Par\u00e1, o exerc\u00edcio da profiss\u00e3o de Administrador. Ele tamb\u00e9m organiza e mant\u00e9m o registro de Administrador, julga as infra\u00e7\u00f5es, imp\u00f5e as penalidades referidas na Lei n\u00b0 4.769\/65, expede as Carteiras Profissionais dos Administradores.<\/span><\/p><p style=\"color: #777777; line-height: 24px; font-family: 'Open Sans', Arial, sans-serif; font-size: 14px; font-style: normal; font-variant-ligatures: normal; font-variant-caps: normal; font-weight: 400; text-align: justify;\"><span style=\"font-size: large; color: #000000;\">A Fiscaliza\u00e7\u00e3o do Exerc\u00edcio Profissional visa prevenir, reprimir e punir as viola\u00e7\u00f5es dos dispositivos da Lei 4769\/65, cabendo ao Conselho proceder com as a\u00e7\u00f5es fiscais coercitivas de advert\u00eancia, autua\u00e7\u00e3o com multa, ou cancelamento de registro, dependendo da infra\u00e7\u00e3o.<\/span><\/p><p style=\"color: #777777; line-height: 24px; font-family: 'Open Sans', Arial, sans-serif; font-size: 14px; font-style: normal; font-variant-ligatures: normal; font-variant-caps: normal; font-weight: 400; text-align: justify;\"><span style=\"font-size: large; color: #000000;\">A fiscaliza\u00e7\u00e3o do CRA-PA \u00e9 levada a efeito n\u00e3o somente em seu car\u00e1ter punitivo, mas antes, atrav\u00e9s de uma a\u00e7\u00e3o preventiva e educativa voltada para o aprimoramento profissional, esclarecendo os verdadeiros objetivos da fiscaliza\u00e7\u00e3o, enfatizando junto aos profissionais, empresas, faculdades, entidades de classe a import\u00e2ncia do trabalho conjunto e os frutos que dele podem advir.<\/span><\/p><p style=\"color: #777777; line-height: 24px; font-family: 'Open Sans', Arial, sans-serif; font-size: 14px; font-style: normal; font-variant-ligatures: normal; font-variant-caps: normal; font-weight: 400; text-align: justify;\"><span style=\"font-size: large; color: #000000;\">A atividade fiscalizadora visa, primordialmente, valorizar a imagem da profiss\u00e3o, que \u00e9 o merecido reconhecimento da sociedade pelos bons servi\u00e7os prestados, como tamb\u00e9m a prote\u00e7\u00e3o ao mercado de trabalho.<\/span><\/p><\/div>\n\t\t\t\t\t\t\t\t\t<div class=\"elementor-tab-title elementor-tab-mobile-title\" aria-selected=\"false\" data-tab=\"3\" role=\"tab\" tabindex=\"-1\" aria-controls=\"elementor-tab-content-1953\" aria-expanded=\"false\">Leis e Normas<\/div>\n\t\t\t\t\t<div id=\"elementor-tab-content-1953\" class=\"elementor-tab-content elementor-clearfix\" data-tab=\"3\" role=\"tabpanel\" aria-labelledby=\"elementor-tab-title-1953\" tabindex=\"0\" hidden=\"hidden\"><ul style=\"margin-top: 0px; margin-bottom: 10px; color: #777777; font-family: 'Open Sans', Arial, sans-serif; font-size: 14px; font-style: normal; font-variant-ligatures: normal; font-variant-caps: normal; font-weight: 400;\"><li style=\"line-height: 24px; text-align: justify;\"><span style=\"font-size: large; color: #000000;\">Lei n\u00ba 4.769\/65 Disp\u00f5e sobre o exerc\u00edcio da profiss\u00e3o de Administrador e d\u00e1 outras provid\u00eancias (*) (D.O.U. de 13\/09\/65).<\/span><\/li><li style=\"line-height: 24px; text-align: justify;\"><span style=\"font-size: large; color: #000000;\">Decreto n\u00ba 61.934\/67 Disp\u00f5e sobre a regulamenta\u00e7\u00e3o do exerc\u00edcio da profiss\u00e3o de Administrador e a Constitui\u00e7\u00e3o do Conselho Federal de Administra\u00e7\u00e3o, de acordo com a Lei n\u00ba 4.769, de 09 de setembro de 1965, e d\u00e1 outras provid\u00eancias.<\/span><\/li><li style=\"line-height: 24px; text-align: justify;\"><span style=\"font-size: large; color: #000000;\">Lei n\u00ba 6839\/80 Disp\u00f5e sobre o registro de empresas nas entidades fiscalizadoras do exerc\u00edcio de profiss\u00f5es.<\/span><\/li><li style=\"line-height: 24px; text-align: justify;\"><span style=\"font-size: large; color: #000000;\">C\u00f3digo de \u00c9tica Profissional para proceder ao Julgamento de processos, relativos a incorre\u00e7\u00f5es, de responsabilidade de Profissionais Administradores.<\/span><\/li><\/ul><p style=\"color: #777777; line-height: 24px; font-family: 'Open Sans', Arial, sans-serif; font-size: 14px; font-style: normal; font-variant-ligatures: normal; font-variant-caps: normal; font-weight: 400; text-align: justify;\"><span style=\"font-size: large; color: #000000;\"><strong>Por consequ\u00eancia, o CRA-PA possui delega\u00e7\u00e3o de compet\u00eancia do Estado para:<\/strong><\/span><\/p><ul style=\"margin-top: 0px; margin-bottom: 10px; color: #777777; font-family: 'Open Sans', Arial, sans-serif; font-size: 14px; font-style: normal; font-variant-ligatures: normal; font-variant-caps: normal; font-weight: 400;\"><li style=\"line-height: 24px; text-align: justify;\"><span style=\"font-size: large; color: #000000;\">Habilitar legalmente os profissionais para o exerc\u00edcio da profiss\u00e3o por meio da concess\u00e3o do registro profissional;<\/span><\/li><li style=\"line-height: 24px; text-align: justify;\"><span style=\"font-size: large; color: #000000;\">Habilitar legalmente as empresas e escrit\u00f3rios t\u00e9cnicos para a explora\u00e7\u00e3o das atividades profissionais;<\/span><\/li><li style=\"line-height: 24px; text-align: justify;\"><span style=\"font-size: large; color: #000000;\">Fiscalizar o profissional sem habilita\u00e7\u00e3o;<\/span><\/li><li style=\"line-height: 24px; text-align: justify;\"><span style=\"font-size: large; color: #000000;\">Cobrar anuidades;<\/span><\/li><li style=\"line-height: 24px; text-align: justify;\"><span style=\"font-size: large; color: #000000;\">Aplicar e cobrar multas;<\/span><\/li><li style=\"line-height: 24px; text-align: justify;\"><span style=\"font-size: large; color: #000000;\">Executar d\u00e9bitos;<\/span><\/li><li style=\"line-height: 24px; text-align: justify;\"><span style=\"font-size: large; color: #000000;\">Aplicar o C\u00f3digo de \u00c9tica Profissional; e<\/span><\/li><li style=\"line-height: 24px; text-align: justify;\"><span style=\"font-size: large; color: #000000;\">Suspender e cassar registros.<\/span><\/li><\/ul><\/div>\n\t\t\t\t\t\t\t\t\t<div class=\"elementor-tab-title elementor-tab-mobile-title\" aria-selected=\"false\" data-tab=\"4\" role=\"tab\" tabindex=\"-1\" aria-controls=\"elementor-tab-content-1954\" aria-expanded=\"false\">Regulamento de Fiscaliza\u00e7\u00e3o<\/div>\n\t\t\t\t\t<div id=\"elementor-tab-content-1954\" class=\"elementor-tab-content elementor-clearfix\" data-tab=\"4\" role=\"tabpanel\" aria-labelledby=\"elementor-tab-title-1954\" tabindex=\"0\" hidden=\"hidden\"><p style=\"color: #777777; line-height: 24px; font-family: 'Open Sans', Arial, sans-serif; font-size: 14px; font-style: normal; font-variant-ligatures: normal; font-variant-caps: normal; font-weight: 400; text-align: justify;\"><span style=\"font-size: large; color: #000000;\"><strong>A nova vers\u00e3o do Regulamento<\/strong>, aprovada pela\u00a0<strong>Resolu\u00e7\u00e3o Normativa CFA n\u00ba 446, de 19 de maio de 2014, publicada no D.O.U. de 26\/05\/2014<\/strong>, cria um\u00a0<strong>padr\u00e3o de procedimentos de fiscaliza\u00e7\u00e3o<\/strong>, a ser seguido pelos 27 Conselhos Regionais de Administra\u00e7\u00e3o, os quais passam a atuar da mesma maneira, gerando Processos Administrativos Fiscais uniformes, o que\u00a0<strong>facilitar\u00e1 o julgamento<\/strong>\u00a0dos recursos na segunda\u00a0<strong>inst\u00e2ncia administrativa<\/strong>, ou seja, pelo Plen\u00e1rio do CFA.<\/span><\/p><p style=\"color: #777777; line-height: 24px; font-family: 'Open Sans', Arial, sans-serif; font-size: 14px; font-style: normal; font-variant-ligatures: normal; font-variant-caps: normal; font-weight: 400;\"><span style=\"font-size: large;\"><a style=\"color: #1e3e76; outline-style: none !important; outline-width: initial !important;\" href=\"http:\/\/www.cfa.org.br\/servicos\/publicacoes\/regulamento-fiscal-cfa1.pdf\" target=\"_blank\" rel=\"noopener\"><strong>Clique e visualize! (http:\/\/www.cfa.org.br\/servicos\/publicacoes\/regulamento-fiscal-cfa1.pdf)<\/strong><\/a><\/span><\/p><\/div>\n\t\t\t\t\t\t\t\t\t<div class=\"elementor-tab-title elementor-tab-mobile-title\" aria-selected=\"false\" data-tab=\"5\" role=\"tab\" tabindex=\"-1\" aria-controls=\"elementor-tab-content-1955\" aria-expanded=\"false\">Responsabilidade T\u00e9cnica<\/div>\n\t\t\t\t\t<div id=\"elementor-tab-content-1955\" class=\"elementor-tab-content elementor-clearfix\" data-tab=\"5\" role=\"tabpanel\" aria-labelledby=\"elementor-tab-title-1955\" tabindex=\"0\" hidden=\"hidden\"><p style=\"color: #777777; line-height: 24px; font-family: 'Open Sans', Arial, sans-serif; font-size: 14px; font-style: normal; font-variant-ligatures: normal; font-variant-caps: normal; font-weight: 400; text-align: justify;\"><span style=\"font-size: large; color: #000000;\">A\u00a0<strong>Responsabilidade T\u00e9cnica\u00a0<\/strong>\u00e9 o\u00a0<strong>dever de responder pelos atos profissionais quanto \u00e0 aplica\u00e7\u00e3o t\u00e9cnica da ci\u00eancia da Administra\u00e7\u00e3o<\/strong>, em conformidade com os princ\u00edpios \u00e9ticos e com a legisla\u00e7\u00e3o vigente. \u00c9 uma atribui\u00e7\u00e3o inerente aos profissionais de Administra\u00e7\u00e3o registrados no Conselho Regional de Administra\u00e7\u00e3o das respectivas jurisdi\u00e7\u00f5es, cujas obriga\u00e7\u00f5es lhes s\u00e3o mais acentuadas, tanto pela reserva de atua\u00e7\u00e3o profissional conferida pela Lei de Reg\u00eancia da profiss\u00e3o, como pelos valores morais preceituados pelo C\u00f3digo de \u00c9tica Profissional do Profissional de Administra\u00e7\u00e3o.\u00a0<strong>O Regulamento aprovado pelo Decreto n.\u00ba 61.934\/1967<\/strong>, estabeleceu,<\/span><\/p><p style=\"color: #777777; line-height: 24px; font-family: 'Open Sans', Arial, sans-serif; font-size: 14px; font-style: normal; font-variant-ligatures: normal; font-variant-caps: normal; font-weight: 400; text-align: justify;\"><span style=\"font-size: large; color: #000000;\"><strong>Toda empresa registrada no CRA-PA<\/strong>\u00a0deve possuir um\u00a0<strong>Respons\u00e1vel T\u00e9cnico<\/strong>, aquele profissional que det\u00e9m conhecimentos em determinada \u00e1rea profissional, habilitado na forma da legisla\u00e7\u00e3o vigente, e que responde, tecnicamente, pela qualidade dos servi\u00e7os prestados pela empresa sob sua responsabilidade ao consumidor e sociedade.<\/span><\/p><p style=\"color: #777777; line-height: 24px; font-family: 'Open Sans', Arial, sans-serif; font-size: 14px; font-style: normal; font-variant-ligatures: normal; font-variant-caps: normal; font-weight: 400; text-align: justify;\"><span style=\"font-size: large; color: #000000;\">O instituto da Responsabilidade T\u00e9cnica foi criado para garantir a melhor atua\u00e7\u00e3o profissional, fazendo com que a empresa cumpra seu objetivo social. Ele existe em quase todas as profiss\u00f5es.\u00a0<strong>Mesmo se a empresa n\u00e3o tiver funcion\u00e1rios, ela precisa ter um Respons\u00e1vel T\u00e9cnico<\/strong>, uma vez que isso se d\u00e1 pela atividade em que atua e n\u00e3o pela quantidade de empregados. Por\u00e9m, para ocupar essa fun\u00e7\u00e3o, n\u00e3o \u00e9 necess\u00e1rio haver contrata\u00e7\u00e3o, podendo ser ocupada por um dos s\u00f3cios, funcion\u00e1rios ou prestadores de servi\u00e7os.<\/span><\/p><p style=\"color: #777777; line-height: 24px; font-family: 'Open Sans', Arial, sans-serif; font-size: 14px; font-style: normal; font-variant-ligatures: normal; font-variant-caps: normal; font-weight: 400; text-align: justify;\"><span style=\"font-size: large; color: #000000;\"><strong>Cabe aos CRA&#8217;s a fiscaliza\u00e7\u00e3o da atua\u00e7\u00e3o deste profissional nas empresas que exercem atividades nos campos privativos da Administra\u00e7\u00e3o<\/strong>. S\u00f3 podem atuar como Respons\u00e1veis T\u00e9cnicos os profissionais em administra\u00e7\u00e3o devidamente registrados no CRA. Este profissional desempenha fun\u00e7\u00f5es como emiss\u00e3o de pareceres, elabora\u00e7\u00e3o de relat\u00f3rios, planos e projetos, al\u00e9m de atividades que compreendem a Administra\u00e7\u00e3o, como pesquisas, estudos, an\u00e1lises, planejamento, implanta\u00e7\u00e3o, coordena\u00e7\u00e3o e controle de trabalho.<\/span><\/p><p style=\"color: #777777; line-height: 24px; font-family: 'Open Sans', Arial, sans-serif; font-size: 14px; font-style: normal; font-variant-ligatures: normal; font-variant-caps: normal; font-weight: 400; text-align: justify;\"><span style=\"font-size: large; color: #000000;\"><strong>O profissional que atua como Respons\u00e1vel T\u00e9cnico \u00e9 que garante a qualidade do servi\u00e7o prestado<\/strong>, e caso haja algum dano sofrido pelo consumidor, \u00e9 ele quem responder\u00e1 por qualquer ocorr\u00eancia. A\u00a0<strong>Responsabilidade T\u00e9cnica do Administrador<\/strong>, como se v\u00ea, \u00e9 um processo \u00e9tico profissional que alavanca o sucesso empresarial, pois todo o talento e conhecimento da ci\u00eancia da Administra\u00e7\u00e3o \u00e9 colocada \u00e0 disposi\u00e7\u00e3o da Empresa ou entidade, pelo profissional de Administra\u00e7\u00e3o buscando a defesa da sociedade em cumprimento do mister para o qual foram criados os\u00a0<strong>Conselhos Profissionais<\/strong>.<\/span><\/p><p style=\"color: #777777; line-height: 24px; font-family: 'Open Sans', Arial, sans-serif; font-size: 14px; font-style: normal; font-variant-ligatures: normal; font-variant-caps: normal; font-weight: 400; text-align: justify;\"><span style=\"font-size: large; color: #000000;\"><strong>Manual de Responsabilidade T\u00e9cnica do Administrador<\/strong>, aprovado pela Resolu\u00e7\u00e3o Normativa CFA n\u00ba 519, de 18 de julho de 2017.<\/span><\/p><p style=\"color: #777777; line-height: 24px; font-family: 'Open Sans', Arial, sans-serif; font-size: 14px; font-style: normal; font-variant-ligatures: normal; font-variant-caps: normal; font-weight: 400;\"><span style=\"font-size: large;\"><a href=\"https:\/\/documentos.cfa.org.br\/?c=documento&amp;a=show&amp;id=42\" target=\"_blank\" rel=\"noopener\"><span style=\"color: #000000;\"><strong><span style=\"color: #003366;\">Clique e conhe\u00e7a o Manual!<\/span><\/strong><\/span><\/a><\/span><\/p><\/div>\n\t\t\t\t\t\t\t<\/div>\n\t\t<\/div>\n\t\t\t\t<\/div>\n\t\t\t\t<\/div>\n\t\t\t\t\t\t<\/div>\n\t\t\t\t\t<\/div>\n\t\t<\/div>\n\t\t\t\t\t\t\t\t<\/div>\n\t\t\t\t\t<\/div>\n\t\t<\/section>\n\t\t\t\t\t\t\t\t\t<\/div>\n\t\t\t<\/div>\n\t\t\t\t\t<\/div>\n\t\t","protected":false},"excerpt":{"rendered":"<p>FISCALIZA\u00c7\u00c3O Objetivos da Fiscaliza\u00e7\u00e3o Fiscaliza\u00e7\u00e3o do Exerc\u00edcio Profissional Leis e Normas Regulamento de Fiscaliza\u00e7\u00e3o Responsabilidade T\u00e9cnica Objetivos da Fiscaliza\u00e7\u00e3o O objetivo da Fiscaliza\u00e7\u00e3o \u00e9 verificar o exerc\u00edcio da profiss\u00e3o de [&hellip;]<\/p>\n","protected":false},"author":25,"featured_media":0,"parent":0,"menu_order":0,"comment_status":"closed","ping_status":"closed","template":"","meta":{"footnotes":"","_links_to":"","_links_to_target":""},"class_list":["post-62424","page","type-page","status-publish","hentry","entry"],"_links":{"self":[{"href":"https:\/\/crapa.org.br\/index.php?rest_route=\/wp\/v2\/pages\/62424","targetHints":{"allow":["GET"]}}],"collection":[{"href":"https:\/\/crapa.org.br\/index.php?rest_route=\/wp\/v2\/pages"}],"about":[{"href":"https:\/\/crapa.org.br\/index.php?rest_route=\/wp\/v2\/types\/page"}],"author":[{"embeddable":true,"href":"https:\/\/crapa.org.br\/index.php?rest_route=\/wp\/v2\/users\/25"}],"replies":[{"embeddable":true,"href":"https:\/\/crapa.org.br\/index.php?rest_route=%2Fwp%2Fv2%2Fcomments&post=62424"}],"version-history":[{"count":0,"href":"https:\/\/crapa.org.br\/index.php?rest_route=\/wp\/v2\/pages\/62424\/revisions"}],"wp:attachment":[{"href":"https:\/\/crapa.org.br\/index.php?rest_route=%2Fwp%2Fv2%2Fmedia&parent=62424"}],"curies":[{"name":"wp","href":"https:\/\/api.w.org\/{rel}","templated":true}]}}