{"id":62514,"date":"2019-04-10T16:19:31","date_gmt":"2019-04-10T19:19:31","guid":{"rendered":"https:\/\/crapa.org.br\/listings-2\/"},"modified":"2019-04-10T16:36:45","modified_gmt":"2019-04-10T19:36:45","slug":"listings-2","status":"publish","type":"page","link":"https:\/\/crapa.org.br\/?page_id=62514","title":{"rendered":"Listings"},"content":{"rendered":"\t\t<div data-elementor-type=\"wp-post\" data-elementor-id=\"62514\" class=\"elementor elementor-62514\">\n\t\t\t\t\t\t<div class=\"elementor-inner\">\n\t\t\t\t<div class=\"elementor-section-wrap\">\n\t\t\t\t\t\t\t\t\t<section class=\"elementor-section elementor-top-section elementor-element elementor-element-667300eb elementor-section-boxed elementor-section-height-default elementor-section-height-default\" data-id=\"667300eb\" data-element_type=\"section\">\n\t\t\t\t\t\t<div class=\"elementor-container elementor-column-gap-default\">\n\t\t\t\t\t\t\t<div class=\"elementor-row\">\n\t\t\t\t\t<div class=\"elementor-column elementor-col-100 elementor-top-column elementor-element elementor-element-2e3a85ea\" data-id=\"2e3a85ea\" data-element_type=\"column\">\n\t\t\t<div class=\"elementor-column-wrap elementor-element-populated\">\n\t\t\t\t\t\t\t<div class=\"elementor-widget-wrap\">\n\t\t\t\t\t\t<div class=\"elementor-element elementor-element-fb8a48b elementor-widget elementor-widget-heading\" data-id=\"fb8a48b\" data-element_type=\"widget\" data-widget_type=\"heading.default\">\n\t\t\t\t<div class=\"elementor-widget-container\">\n\t\t\t<h2 class=\"elementor-heading-title elementor-size-default\">CONV\u00caNIOS<\/h2>\t\t<\/div>\n\t\t\t\t<\/div>\n\t\t\t\t<div class=\"elementor-element elementor-element-4cb70e7 elementor-widget elementor-widget-shortcode\" data-id=\"4cb70e7\" data-element_type=\"widget\" data-widget_type=\"shortcode.default\">\n\t\t\t\t<div class=\"elementor-widget-container\">\n\t\t\t\t\t<div class=\"elementor-shortcode\">\r\n<div class=\"acadp acadp-listings acadp-grid-view\">\r\n\t\t\t<!-- header here -->\r\n                \r\n                    <div class=\"row acadp-no-margin\">\r\n                <form action=\"https:\/\/crapa.org.br\/?page_id=62514\" method=\"POST\" class=\"form-inline\">\r\n                    <div class=\"btn-toolbar\" role=\"toolbar\">\r\n                                                    <!-- total items count -->\r\n                            <p class=\"btn-group pull-left text-muted acadp-xs-clear-float\">\r\n                                15 item(s) found                            <\/p>\r\n                                        \r\n                                                    <!-- Orderby dropdown -->\r\n                            <div class=\"btn-group pull-right acadp-xs-clear-float\" role=\"group\">\r\n                                <div class=\"form-group\">\r\n                                    <select name=\"sort\" class=\"form-control\" onchange=\"this.form.action=this.value; this.form.submit();\">\r\n                                        <option value=\"\/index.php?rest_route=%2Fwp%2Fv2%2Fpages%2F62514&#038;sort=date-desc\">-- Sort by --<\/option><option value=\"\/index.php?rest_route=%2Fwp%2Fv2%2Fpages%2F62514&#038;sort=title-asc\" >A to Z (title)<\/option><option value=\"\/index.php?rest_route=%2Fwp%2Fv2%2Fpages%2F62514&#038;sort=title-desc\" >Z to A (title)<\/option><option value=\"\/index.php?rest_route=%2Fwp%2Fv2%2Fpages%2F62514&#038;sort=date-desc\"  selected='selected'>Recently added (latest)<\/option><option value=\"\/index.php?rest_route=%2Fwp%2Fv2%2Fpages%2F62514&#038;sort=date-asc\" >Date added (oldest)<\/option><option value=\"\/index.php?rest_route=%2Fwp%2Fv2%2Fpages%2F62514&#038;sort=views-desc\" >Most viewed<\/option><option value=\"\/index.php?rest_route=%2Fwp%2Fv2%2Fpages%2F62514&#038;sort=views-asc\" >Less viewed<\/option><option value=\"\/index.php?rest_route=%2Fwp%2Fv2%2Fpages%2F62514&#038;sort=price-asc\" >Price (low to high)<\/option><option value=\"\/index.php?rest_route=%2Fwp%2Fv2%2Fpages%2F62514&#038;sort=price-desc\" >Price (high to low)<\/option>                                    <\/select>\r\n                                <\/div>\r\n                            <\/div>\r\n                                                \r\n                                                    <!-- Views dropdown -->\r\n                            <div class=\"btn-group pull-right acadp-xs-clear-float\" role=\"group\">\r\n                                <div class=\"form-group\">\r\n                                    <select name=\"view\" class=\"form-control\" onchange=\"this.form.action=this.value; this.form.submit();\">\r\n                                        <option value=\"\/index.php?rest_route=%2Fwp%2Fv2%2Fpages%2F62514&#038;view=grid\">-- View as --<\/option><option value=\"\/index.php?rest_route=%2Fwp%2Fv2%2Fpages%2F62514&#038;view=list\" >List<\/option><option value=\"\/index.php?rest_route=%2Fwp%2Fv2%2Fpages%2F62514&#038;view=grid\"  selected='selected'>Grid<\/option>                                    <\/select>\r\n                                <\/div>\r\n                            <\/div>\r\n                                           \r\n                    <\/div>\r\n                <\/form>\r\n            <\/div>\r\n                \r\n\t<div class=\"acadp-divider\"><\/div>\r\n    \r\n\t<!-- the loop -->\r\n    <div class=\"acadp-body\">\r\n\t\t    \r\n                            <div class=\"row\">\r\n                        \r\n                <div class=\"col-md-4\">\r\n                    <div class=\"thumbnail acadp-entry\">\r\n                                                    <a href=\"https:\/\/crapa.org.br\/?acadp_listings=estacio-e-cra-pa-parceria-para-transformar-o-seu-futuro-profissional\" class=\"acadp-responsive-container\"><img decoding=\"async\" src=\"https:\/\/crapa.org.br\/wp-content\/uploads\/2025\/09\/Estacio-300x300.jpg\" alt=\"\" \/><\/a>      \t\r\n                                        \r\n                        <div class=\"caption\">\r\n                            <div class=\"acadp-listings-title-block\">\r\n                                <h3 class=\"acadp-no-margin\"><a href=\"https:\/\/crapa.org.br\/?acadp_listings=estacio-e-cra-pa-parceria-para-transformar-o-seu-futuro-profissional\">Est\u00e1cio e CRA-PA: parceria para transformar o seu futuro profissional!<\/a><\/h3>\r\n                            <\/div>\r\n                            \r\n                            <p class=\"acadp-no-margin\"><small class=\"text-muted\"><time>Posted 8 meses ago<\/time> by <a href=\"https:\/\/crapa.org.br\/?page_id=62520&#038;acadp_user=YXFybW9udGVpcm8.\">CRA-PA News<\/a><\/small><\/p>                                <p class=\"acadp-listings-desc\">Se voc\u00ea \u00e9 registrado no Conselho Regional de Administra\u00e7\u00e3o do Par\u00e1, agora pode aproveitar condi\u00e7\u00f5es exclusivas para investir na sua carreira. Confira os benef\u00edcios do...<\/p>\r\n                            <p class=\"acadp-no-margin\"><small>208 views<\/small><\/p>                            \r\n                                                    <\/div>\r\n                    <\/div>\r\n                <\/div>\r\n                \r\n                               \r\n            \r\n                        \r\n                <div class=\"col-md-4\">\r\n                    <div class=\"thumbnail acadp-entry\">\r\n                                                    <a href=\"https:\/\/crapa.org.br\/?acadp_listings=farmacias-extrafarma-e-pague-menos\" class=\"acadp-responsive-container\"><img decoding=\"async\" src=\"https:\/\/crapa.org.br\/wp-content\/uploads\/2024\/11\/Extrafarma-300x300.jpg\" alt=\"\" \/><\/a>      \t\r\n                                        \r\n                        <div class=\"caption\">\r\n                            <div class=\"acadp-listings-title-block\">\r\n                                <h3 class=\"acadp-no-margin\"><a href=\"https:\/\/crapa.org.br\/?acadp_listings=farmacias-extrafarma-e-pague-menos\">Farm\u00e1cias Extrafarma e Pague Menos<\/a><\/h3>\r\n                            <\/div>\r\n                            \r\n                            <p class=\"acadp-no-margin\"><small class=\"text-muted\"><time>Posted 1 ano ago<\/time> by <a href=\"https:\/\/crapa.org.br\/?page_id=62520&#038;acadp_user=YXFybW9udGVpcm8.\">CRA-PA News<\/a><\/small><\/p>                                <p class=\"acadp-listings-desc\">Visando ampliar ainda mais os benef\u00edcios para quem \u00e9 registrado, o CRA-PA firmou um novo conv\u00eanio, desta vez com a rede de Farm\u00e1cias Extrafarma e...<\/p>\r\n                            <p class=\"acadp-no-margin\"><small>589 views<\/small><\/p>                            \r\n                                                    <\/div>\r\n                    <\/div>\r\n                <\/div>\r\n                \r\n                               \r\n            \r\n                        \r\n                <div class=\"col-md-4\">\r\n                    <div class=\"thumbnail acadp-entry\">\r\n                                                    <a href=\"https:\/\/crapa.org.br\/?acadp_listings=faculdade-unyleya\" class=\"acadp-responsive-container\"><img decoding=\"async\" src=\"https:\/\/crapa.org.br\/wp-content\/uploads\/2025\/06\/Banner-Unyleya-240x300.jpeg\" alt=\"\" \/><\/a>      \t\r\n                                        \r\n                        <div class=\"caption\">\r\n                            <div class=\"acadp-listings-title-block\">\r\n                                <h3 class=\"acadp-no-margin\"><a href=\"https:\/\/crapa.org.br\/?acadp_listings=faculdade-unyleya\">Faculdade Unyleya<\/a><\/h3>\r\n                            <\/div>\r\n                            \r\n                            <p class=\"acadp-no-margin\"><small class=\"text-muted\"><time>Posted 1 ano ago<\/time> by <a href=\"https:\/\/crapa.org.br\/?page_id=62520&#038;acadp_user=YXFybW9udGVpcm8.\">CRA-PA News<\/a><\/small><\/p>                                <p class=\"acadp-listings-desc\">O Conselho Regional de Administra\u00e7\u00e3o do Par\u00e1 e a Unyleya assinaram um conv\u00eanio institucional para realiza\u00e7\u00e3o de programas conjuntos de promo\u00e7\u00e3o dos cursos e valoriza\u00e7\u00e3o...<\/p>\r\n                            <p class=\"acadp-no-margin\"><small>451 views<\/small><\/p>                            \r\n                                                    <\/div>\r\n                    <\/div>\r\n                <\/div>\r\n                \r\n                            <\/div>\r\n                               \r\n            \r\n                            <div class=\"row\">\r\n                        \r\n                <div class=\"col-md-4\">\r\n                    <div class=\"thumbnail acadp-entry\">\r\n                                                    <a href=\"https:\/\/crapa.org.br\/?acadp_listings=parceria-cra-pa-e-multivix-impulsione-sua-carreira-com-excelencia-em-educacao\" class=\"acadp-responsive-container\"><img decoding=\"async\" src=\"https:\/\/crapa.org.br\/wp-content\/uploads\/2024\/09\/Multivix-2-300x300.jpg\" alt=\"\" \/><\/a>      \t\r\n                                        \r\n                        <div class=\"caption\">\r\n                            <div class=\"acadp-listings-title-block\">\r\n                                <h3 class=\"acadp-no-margin\"><a href=\"https:\/\/crapa.org.br\/?acadp_listings=parceria-cra-pa-e-multivix-impulsione-sua-carreira-com-excelencia-em-educacao\">Parceria CRA-PA e Multivix: Impulsione Sua Carreira com Excel\u00eancia em Educa\u00e7\u00e3o<\/a><\/h3>\r\n                            <\/div>\r\n                            \r\n                            <p class=\"acadp-no-margin\"><small class=\"text-muted\"><time>Posted 2 anos ago<\/time> by <a href=\"https:\/\/crapa.org.br\/?page_id=62520&#038;acadp_user=YXFybW9udGVpcm8.\">CRA-PA News<\/a><\/small><\/p>                                <p class=\"acadp-listings-desc\">A nova parceria entre o CRA-PA e a Faculdade EAD da Multivix, uma institui\u00e7\u00e3o renomada que oferece mais de 140 cursos de especializa\u00e7\u00e3o e MBA....<\/p>\r\n                            <p class=\"acadp-no-margin\"><small>304 views<\/small><\/p>                            \r\n                                                    <\/div>\r\n                    <\/div>\r\n                <\/div>\r\n                \r\n                               \r\n            \r\n                        \r\n                <div class=\"col-md-4\">\r\n                    <div class=\"thumbnail acadp-entry\">\r\n                                                    <a href=\"https:\/\/crapa.org.br\/?acadp_listings=esd-clinica-odontologica-loja-de-produtos-odontologicos\" class=\"acadp-responsive-container\"><img decoding=\"async\" src=\"https:\/\/crapa.org.br\/wp-content\/uploads\/2024\/08\/Story-instagram-clinica-odontologica-profissionais-moderno-turquesa-e-azul-escuro-1280-x-720-px-300x169.jpg\" alt=\"\" \/><\/a>      \t\r\n                                        \r\n                        <div class=\"caption\">\r\n                            <div class=\"acadp-listings-title-block\">\r\n                                <h3 class=\"acadp-no-margin\"><a href=\"https:\/\/crapa.org.br\/?acadp_listings=esd-clinica-odontologica-loja-de-produtos-odontologicos\">ESD Cl\u00ednica Odontol\u00f3gica &#8211; Loja de Produtos Odontol\u00f3gicos<\/a><\/h3>\r\n                            <\/div>\r\n                            \r\n                            <p class=\"acadp-no-margin\"><small class=\"text-muted\"><time>Posted 2 anos ago<\/time> by <a href=\"https:\/\/crapa.org.br\/?page_id=62520&#038;acadp_user=YXFybW9udGVpcm8.\">CRA-PA News<\/a><\/small><\/p>                                <p class=\"acadp-listings-desc\">O objetivo da parceria \u00e9 oferecer aos profissionais registrados no CRA-PA e seus dependentes os servi\u00e7os em Cl\u00ednica Odontol\u00f3gica e Loja de Produtos Odontol\u00f3gicos, com...<\/p>\r\n                            <p class=\"acadp-no-margin\"><small>544 views<\/small><\/p>                            \r\n                                                    <\/div>\r\n                    <\/div>\r\n                <\/div>\r\n                \r\n                               \r\n            \r\n                        \r\n                <div class=\"col-md-4\">\r\n                    <div class=\"thumbnail acadp-entry\">\r\n                                                    <a href=\"https:\/\/crapa.org.br\/?acadp_listings=renal-clinic\" class=\"acadp-responsive-container\"><img decoding=\"async\" src=\"https:\/\/crapa.org.br\/wp-content\/uploads\/2024\/08\/Post-Instagram-Vantagens-de-Convenio-Medico-Moderno-Verde-e-Azul-3-240x300.jpg\" alt=\"\" \/><\/a>      \t\r\n                                        \r\n                        <div class=\"caption\">\r\n                            <div class=\"acadp-listings-title-block\">\r\n                                <h3 class=\"acadp-no-margin\"><a href=\"https:\/\/crapa.org.br\/?acadp_listings=renal-clinic\">Renal Clinic<\/a><\/h3>\r\n                            <\/div>\r\n                            \r\n                            <p class=\"acadp-no-margin\"><small class=\"text-muted\"><time>Posted 2 anos ago<\/time> by <a href=\"https:\/\/crapa.org.br\/?page_id=62520&#038;acadp_user=YXFybW9udGVpcm8.\">CRA-PA News<\/a><\/small><\/p>                                <p class=\"acadp-listings-desc\">O presente conv\u00eanio entre a ABUD E MATOS SERVICOS MEDICOS LTDA (RENAL CLINIC LTDA) e o CONSELHO REGIONAL DE ADMINISTRA\u00c7\u00c3O DO PAR\u00c1, tendo como principal...<\/p>\r\n                            <p class=\"acadp-no-margin\"><small>945 views<\/small><\/p>                            \r\n                                                    <\/div>\r\n                    <\/div>\r\n                <\/div>\r\n                \r\n                            <\/div>\r\n                               \r\n            \r\n                            <div class=\"row\">\r\n                        \r\n                <div class=\"col-md-4\">\r\n                    <div class=\"thumbnail acadp-entry\">\r\n                                                    <a href=\"https:\/\/crapa.org.br\/?acadp_listings=rede-castilla-idiomas\" class=\"acadp-responsive-container\"><img decoding=\"async\" src=\"https:\/\/crapa.org.br\/wp-content\/uploads\/2024\/11\/LOGO-CASTILLA.png\" alt=\"\" \/><\/a>      \t\r\n                                        \r\n                        <div class=\"caption\">\r\n                            <div class=\"acadp-listings-title-block\">\r\n                                <h3 class=\"acadp-no-margin\"><a href=\"https:\/\/crapa.org.br\/?acadp_listings=rede-castilla-idiomas\">Rede Castilla Idiomas<\/a><\/h3>\r\n                            <\/div>\r\n                            \r\n                            <p class=\"acadp-no-margin\"><small class=\"text-muted\"><time>Posted 2 anos ago<\/time> by <a href=\"https:\/\/crapa.org.br\/?page_id=62520&#038;acadp_user=YXFybW9udGVpcm8.\">CRA-PA News<\/a><\/small><\/p>                                <p class=\"acadp-listings-desc\">Novidade para os registrados no CRA-PA! Temos uma parceria especial com a Rede Castilla Idiomas! Agora, voc\u00ea pode aproveitar incr\u00edveis descontos de at\u00e9 45% nos...<\/p>\r\n                            <p class=\"acadp-no-margin\"><small>509 views<\/small><\/p>                            \r\n                                                    <\/div>\r\n                    <\/div>\r\n                <\/div>\r\n                \r\n                               \r\n            \r\n                        \r\n                <div class=\"col-md-4\">\r\n                    <div class=\"thumbnail acadp-entry\">\r\n                                                    <a href=\"https:\/\/crapa.org.br\/?acadp_listings=farmacias-drogasil-e-drogaria-raia\" class=\"acadp-responsive-container\"><img decoding=\"async\" src=\"https:\/\/crapa.org.br\/wp-content\/uploads\/2023\/04\/4-A-036624_BANNER-WEB-300x214.png\" alt=\"\" \/><\/a>      \t\r\n                                        \r\n                        <div class=\"caption\">\r\n                            <div class=\"acadp-listings-title-block\">\r\n                                <h3 class=\"acadp-no-margin\"><a href=\"https:\/\/crapa.org.br\/?acadp_listings=farmacias-drogasil-e-drogaria-raia\">Farm\u00e1cias Drogasil e Drogaria Raia<\/a><\/h3>\r\n                            <\/div>\r\n                            \r\n                            <p class=\"acadp-no-margin\"><small class=\"text-muted\"><time>Posted 3 anos ago<\/time> by <a href=\"https:\/\/crapa.org.br\/?page_id=62520&#038;acadp_user=YXFybW9udGVpcm8.\">CRA-PA News<\/a><\/small><\/p>                                <p class=\"acadp-listings-desc\">O Conselho Regional de Administra\u00e7\u00e3o do Par\u00e1 (CRA-PA) firma parceria com a rede de farm\u00e1cias Drogasil e Droga Raia com condi\u00e7\u00f5es especiais para profissionais registrados...<\/p>\r\n                            <p class=\"acadp-no-margin\"><small>3462 views \/ <span class=\"label label-success\">Popular<\/span><\/small><\/p>                            \r\n                                                    <\/div>\r\n                    <\/div>\r\n                <\/div>\r\n                \r\n                               \r\n            \r\n                        \r\n                <div class=\"col-md-4\">\r\n                    <div class=\"thumbnail acadp-entry\">\r\n                                                    <a href=\"https:\/\/crapa.org.br\/?acadp_listings=uniasselvi\" class=\"acadp-responsive-container\"><img decoding=\"async\" src=\"https:\/\/crapa.org.br\/wp-content\/uploads\/2023\/10\/LOGO-300x170.jpg\" alt=\"\" \/><\/a>      \t\r\n                                        \r\n                        <div class=\"caption\">\r\n                            <div class=\"acadp-listings-title-block\">\r\n                                <h3 class=\"acadp-no-margin\"><a href=\"https:\/\/crapa.org.br\/?acadp_listings=uniasselvi\">UNIASSELVI<\/a><\/h3>\r\n                            <\/div>\r\n                            \r\n                            <p class=\"acadp-no-margin\"><small class=\"text-muted\"><time>Posted 3 anos ago<\/time> by <a href=\"https:\/\/crapa.org.br\/?page_id=62520&#038;acadp_user=Y2VjaWxpYWd1aW1hcmFlcw..\">Cecilia Guimar\u00e3es<\/a><\/small><\/p>                                <p class=\"acadp-listings-desc\">O Conselho Regional de Administra\u00e7\u00e3o do Par\u00e1 (CRA-PA) tem o compromisso de promover o crescimento e o aprimoramento profissional de seus membros, oferecendo oportunidades educacionais...<\/p>\r\n                            <p class=\"acadp-no-margin\"><small>1279 views \/ <span class=\"label label-success\">Popular<\/span><\/small><\/p>                            \r\n                                                    <\/div>\r\n                    <\/div>\r\n                <\/div>\r\n                \r\n                            <\/div>\r\n                               \r\n            \r\n                            <div class=\"row\">\r\n                        \r\n                <div class=\"col-md-4\">\r\n                    <div class=\"thumbnail acadp-entry\">\r\n                                                    <a href=\"https:\/\/crapa.org.br\/?acadp_listings=vidamed\" class=\"acadp-responsive-container\"><img decoding=\"async\" src=\"https:\/\/crapa.org.br\/wp-content\/uploads\/2023\/10\/BANNER-VIDA-MED-300x300.jpeg\" alt=\"\" \/><\/a>      \t\r\n                                        \r\n                        <div class=\"caption\">\r\n                            <div class=\"acadp-listings-title-block\">\r\n                                <h3 class=\"acadp-no-margin\"><a href=\"https:\/\/crapa.org.br\/?acadp_listings=vidamed\">VIDAMED<\/a><\/h3>\r\n                            <\/div>\r\n                            \r\n                            <p class=\"acadp-no-margin\"><small class=\"text-muted\"><time>Posted 3 anos ago<\/time> by <a href=\"https:\/\/crapa.org.br\/?page_id=62520&#038;acadp_user=Y2VjaWxpYWd1aW1hcmFlcw..\">Cecilia Guimar\u00e3es<\/a><\/small><\/p>                                <p class=\"acadp-listings-desc\">\u00a0O Conselho Regional de Administra\u00e7\u00e3o do Par\u00e1 (CRA-PA) e a renomada Cl\u00ednica Vidamed fecharam um acordo para seus benefici\u00e1rios. Esta parceria foi cuidadosamente desenvolvida para...<\/p>\r\n                            <p class=\"acadp-no-margin\"><small>1091 views \/ <span class=\"label label-success\">Popular<\/span><\/small><\/p>                            \r\n                                                    <\/div>\r\n                    <\/div>\r\n                <\/div>\r\n                \r\n                            <\/div>\r\n                               \r\n            <\/div>\r\n    <!-- end of the loop -->\r\n    \r\n    <!-- use reset postdata to restore orginal query -->\r\n        \r\n    <!-- pagination here -->\r\n    <div class='row text-center acadp-no-margin'><div class='pull-left text-muted'>Page 1 of 2<\/div><ul class='pagination acadp-no-margin'><li class=\"active\"><span aria-current=\"page\" class=\"page-numbers current\">1<\/span><\/li><li><a class=\"page-numbers\" href=\"https:\/\/crapa.org.br\/index.php?paged=2&#038;rest_route=%2Fwp%2Fv2%2Fpages%2F62514\">2<\/a><\/li><li><a class=\"next page-numbers\" href=\"https:\/\/crapa.org.br\/index.php?paged=2&#038;rest_route=%2Fwp%2Fv2%2Fpages%2F62514\">&raquo;<\/a><\/li><\/ul><\/div><\/div>\r\n\r\n<div class=\"acadp-social\"><a class=\"acadp-social-link acadp-social-facebook\" href=\"https:\/\/www.facebook.com\/sharer\/sharer.php?u=https:\/\/crapa.org.br\" target=\"_blank\">Facebook<\/a> <a class=\"acadp-social-link acadp-social-twitter\" href=\"https:\/\/twitter.com\/intent\/tweet?text=VIDAMED&amp;url=https:\/\/crapa.org.br\" target=\"_blank\">Twitter<\/a><\/div><\/div>\n\t\t\t\t<\/div>\n\t\t\t\t<\/div>\n\t\t\t\t\t\t<\/div>\n\t\t\t\t\t<\/div>\n\t\t<\/div>\n\t\t\t\t\t\t\t\t<\/div>\n\t\t\t\t\t<\/div>\n\t\t<\/section>\n\t\t\t\t\t\t\t\t\t<\/div>\n\t\t\t<\/div>\n\t\t\t\t\t<\/div>\n\t\t","protected":false},"excerpt":{"rendered":"<p>CONV\u00caNIOS<\/p>\n","protected":false},"author":1,"featured_media":0,"parent":0,"menu_order":0,"comment_status":"closed","ping_status":"closed","template":"","meta":{"footnotes":"","_links_to":"","_links_to_target":""},"class_list":["post-62514","page","type-page","status-publish","hentry","entry","has-media"],"_links":{"self":[{"href":"https:\/\/crapa.org.br\/index.php?rest_route=\/wp\/v2\/pages\/62514","targetHints":{"allow":["GET"]}}],"collection":[{"href":"https:\/\/crapa.org.br\/index.php?rest_route=\/wp\/v2\/pages"}],"about":[{"href":"https:\/\/crapa.org.br\/index.php?rest_route=\/wp\/v2\/types\/page"}],"author":[{"embeddable":true,"href":"https:\/\/crapa.org.br\/index.php?rest_route=\/wp\/v2\/users\/1"}],"replies":[{"embeddable":true,"href":"https:\/\/crapa.org.br\/index.php?rest_route=%2Fwp%2Fv2%2Fcomments&post=62514"}],"version-history":[{"count":0,"href":"https:\/\/crapa.org.br\/index.php?rest_route=\/wp\/v2\/pages\/62514\/revisions"}],"wp:attachment":[{"href":"https:\/\/crapa.org.br\/index.php?rest_route=%2Fwp%2Fv2%2Fmedia&parent=62514"}],"curies":[{"name":"wp","href":"https:\/\/api.w.org\/{rel}","templated":true}]}}